Convert -57 (base 13) to base 14.
-52
3 (base 14) to base 6
3
Convert -1 (base 16) to base 6.
-1
What is 9 (base 10) in base 4?
21
-5 (base 12) to base 2
-101
-bb (base 14) to base 2
-10100101
Convert 13 (base 10) to base 4.
31
36 (base 9) to base 8
41
Convert -116 (base 11) to base 2.
-10001010
Convert -1 (base 12) to base 3.
-1
What is -8 (base 13) in base 3?
-22
What is -4 (base 7) in base 9?
-4
-100 (base 5) to base 14
-1b
Convert -5 (base 7) to base 9.
-5
Convert 162 (base 13) to base 2.
11111001
-3 (base 7) to base 14
-3
5 (base 11) to base 15
5
What is 0 (base 16) in base 3?
0
Convert -15 (base 15) to base 16.
-14
Convert 1001010 (base 2) to base 7.
134
What is -11110 (base 2) in base 16?
-1e
-5 (base 9) to base 4
-11
What is -12 (base 7) in base 6?
-13
Convert 1 (base 15) to base 11.
1
What is -464 (base 7) in base 14?
-134
Convert -4 (base 7) to base 11.
-4
Convert -1 (base 11) to base 7.
-1
What is 51 (base 11) in base 9?
62
What is 31 (base 13) in base 12?
34
What is -3 (base 14) in base 5?
-3
-8 (base 9) to base 6
-12
Convert -3 (base 5) to base 11.
-3
What is -50 (base 11) in base 8?
-67
15 (base 11) to base 8
20
Convert 1 (base 8) to base 4.
1
What is -32 (base 7) in base 16?
-17
Convert 62 (base 16) to base 10.
98
-52 (base 7) to base 10
-37
30 (base 9) to base 8
33
What is -20 (base 4) in base 2?
-1000
0 (base 15) to base 7
0
What is 1110 (base 3) in base 10?
39
What is 122 (base 3) in base 9?
18
260 (base 9) to base 6
1000
Convert 3 (base 8) to base 13.
3
Convert 4 (base 7) to base 2.
100
Convert 30 (base 4) to base 5.
22
-3 (base 11) to base 12
-3
Convert -4 (base 15) to base 11.
-4
What is 443 (base 5) in base 15?
83
Convert -90 (base 15) to base 13.
-a5
7 (base 12) to base 11
7
4 (base 9) to base 15
4
268 (base 12) to base 9
448
41 (base 5) to base 2
10101
Convert 1340 (base 5) to base 2.
11011100
Convert -c7 (base 15) to base 6.
-511
Convert -3c (base 16) to base 5.
-220
Convert 3 (base 12) to base 5.
3
Convert -3 (base 14) to base 3.
-10
What is 2 (base 10) in base 16?
2
What is 0 (base 16) in base 9?
0
21 (base 5) to base 14
b
What is -100 (base 2) in base 6?
-4
What is -4 (base 8) in base 12?
-4
What is 27 (base 14) in base 5?
120
Convert 1010 (base 2) to base 14.
a
2 (base 9) to base 2
10
Convert -5b (base 14) to base 6.
-213
9 (base 12) to base 6
13
Convert -42 (base 10) to base 15.
-2c
Convert 1100 (base 2) to base 6.
20
Convert 42 (base 5) to base 16.
16
What is -13 (base 4) in base 14?
-7
What is 7 (base 10) in base 3?
21
-33 (base 4) to base 5
-30
6 (base 10) to base 11
6
Convert -11 (base 6) to base 2.
-111
Convert -3 (base 16) to base 10.
-3
What is -3 (base 12) in base 3?
-10
Convert -212 (base 3) to base 4.
-113
What is 1b (base 14) in base 16?
19
What is 3 (base 7) in base 6?
3
-4 (base 10) to base 16
-4
Convert 14 (base 11) to base 3.
120
What is -440 (base 7) in base 16?
-e0
9 (base 11) to base 16
9
Convert -10 (base 13) to base 6.
-21
What is -304 (base 5) in base 6?
-211
What is 6 (base 10) in base 5?
11
What is 0 (base 5) in base 2?
0
-2201 (base 3) to base 2
-1001001
-5f (base 16) to base 10
-95
What is 13 (base 5) in base 12?
8
Convert -3 (base 8) to base 12.
-3
Convert 28 (base 12) to base 11.
2a
What is 62 (base 11) in base 6?
152
Convert -4 (base 15) to base 11.
-4
What is 45 (base 6) in base 16?
1d
-20 (base 4) to base 7
-11
Convert 1110 (base 4) to base 5.
314
Convert -100 (base 2) to base 4.
-10
0 (base 7) to base 16
0
What is -3a (base 13) in base 11?
-45
Convert -2 (base 11) to base 16.
-2
What is 232 (base 6) in base 11?
84
Convert 11c (base 16) to base 11.
239
-34 (base 5) to base 14
-15
6 (base 11) to base 9
6
What is 10000001 (base 2) in base 15?
89
What is -106 (base 10) in base 7?
-211
14 (base 9) to base 10
13
Convert -13 (base 16) to base 11.
-18
What is -2b (base 16) in base 14?
-31
3 (base 16) to base 8
3
Convert 41 (base 5) to base 14.
17
What is 0 (base 2) in base 15?
0
20 (base 9) to base 2
10010
Convert 4 (base 12) to base 10.
4
-4 (base 12) to base 16
-4
Convert 212 (base 5) to base 14.
41
What is 111000 (base 2) in base 13?
44
22 (base 9) to base 4
110
What is 221 (base 3) in base 14?
1b
Convert -8 (base 13) to base 9.
-8
Convert 277 (base 10) to base 13.
184
What is -36 (base 9) in base 4?
-201
Convert 0 (base 11) to base 10.
0
-91 (base 11) to base 7
-202
-36 (base 7) to base 4
-123
Convert 1 (base 3) to base 5.
1
Convert 47 (base 14) to base 11.
58
Convert 0 (base 2) to base 14.
0
Convert -43 (base 14) to base 10.
-59
Convert -14 (base 7) to base 12.
-b
203 (base 12) to base 2
100100011
Convert 74 (base 14) to base 2.
1100110
33 (base 7) to base 4
120
What is 2 (base 3) in base 5?
2
What is -34 (base 13) in base 2?
-101011
What is e7 (base 15) in base 12?
161
12101 (base 3) to base 4
2101
Convert 4 (base 15) to base 4.
10
Convert -13 (base 6) to base 16.
-9
512 (base 8) to base 4
11022
Convert -63 (base 7) to base 3.
-1200
What is 26 (base 7) in base 8?
24
Convert -122 (base 6) to base 11.
-46
What is -12 (base 5) in base 9?
-7
What is -6 (base 11) in base 14?
-6
Convert -16 (base 9) to base 11.
-14
33 (base 8) to base 11
25
What is -4 (base 5) in base 2?
-100
-14 (base 10) to base 2
-1110
Convert 164 (base 9) to base 2.
10001011
-9 (base 15) to base 11
-9
-a5 (base 16) to base 3
-20010
-534 (base 7) to base 4
-10032
What is 92 (base 13) in base 12?
9b
12 (base 9) to base 14
b
What is 242 (base 7) in base 6?
332
-3 (base 6) to base 14
-3
-3 (base 6) to base 7
-3
-5 (base 6) to base 2
-101
Convert 20 (base 4) to base 15.
8
-21 (base 9) to base 7
-25
-6 (base 15) to base 14
-6
-102 (base 3) to base 5
-21
What is -1 (base 9) in base 4?
-1
What is -5 (base 11) in base 2?
-101
43 (base 13) to base 7
106
What is 78 (base 11) in base 16?
55
Convert 0 (base 16) to base 12.
0
What is 1111110 (base 2) in base 4?
1332
21 (base 4) to base 9
10
205 (base 6) to base 4
1031
Convert 21b (base 12) to base 15.
15b
Convert -2 (base 7) to base 6.
-2
Convert -16 (base 13) to base 5.
-34
What is bb (base 12) in base 7?
263
-3 (base 15) to base 9
-3
Convert 1 (base 10) to base 14.
1
What is -222 (base 3) in base 6?
-42
-3 (base 11) to base 6
-3
What is 121 (base 5) in base 16?
24
-212 (base 6) to base 14
-5a
What is 35 (base 8) in base 6?
45
Convert 64 (base 9) to base 16.
3a
What is -a (base 12) in base 6?
-14
What is 10 (base 12) in base 9?
13
107 (base 9) to base 3
10021
-40 (base 15) to base 11
-55
What is 12 (base 9) in base 12?
b
Convert -115 (base 10) to base 15.
-7a
31 (base 8) to base 3
221
Convert 0 (base 10) to base 2.
0
What is 99 (base 10) in base 7?
201
What is 363 (base 9) in base 4?
10230
222 (base 4) to base 16
2a
Convert 1111 (base 3) to base 9.
44
What is 2 (base 4) in base 13?
2
What is -12 (base 4) in base 16?
-6
Convert 0 (base 16) to base 8.
0
Convert 0 (base 3) to base 9.
0
What is -42 (base 10) in base 13?
-33
3 (base 12) to base 10
3
What is 76 (base 8) in base 10?
62
Convert -3 (base 6) to base 16.
-3
-1010101 (base 2) to base 9
-104
32 (base 4) to base 14
10
53 (base 9) to base 10
48
12 (base 16) to base 7
24
What is -6 (base 9) in base 10?
-6
0 (base 8) to base 11
0
Convert -10110000 (base 2) to base 15.
-bb
What is 31 (base 4) in base 5?
23
-100 (base 3) to base 11
-9
-8 (base 10) to base 3
-22
-111000 (base 2) to base 14
-40
What is -55 (base 14) in base 11?
-69
22 (base 4) to base 14
a
1 (base 6) to base 14
1
10000 (base 2) to base 5
31
Convert -14 (base 9) to base 3.
-111
What is 1010101 (base 2) in base 3?
10011
Convert -331 (base 4) to base 5.
-221
1013 (base 5) to base 7
250
Convert 3 (base 5) to base 7.
3
What is -2 (base 12) in base 5?
-2
What is -1 (base 15) in base 10?
-1
-11111 (base 3) to base 16
-79
Convert 158 (base 14) to base 13.
181
What is b (base 12) in base 15?
b
What is 1211 (base 4) in base 16?
65
Convert 2b (base 14) to base 4.
213
What is 3 (base 11) in base 16?
3
What is 21 (base 5) in base 3?
102
What is -571 (base 8) in base 14?
-1cd
16 (base 9) to base 14
11
-103 (base 5) to base 3
-1001
-12c (base 15) to base 8
-413
What is 12 (base 14) in base 11?
15
What is -100 (base 2) in base 4?
-10
What is -4 (base 7) in base 16?
-4
333 (base 4) to base 3
2100
What is 12 (base 8) in base 2?
1010
187 (base 10) to base 7
355
0 (base 4) to base 13
0